051.
3, 23, 479
List the prime factors of 235535.
5, 17, 163
List the prime factors of 527178.
2, 3, 41, 2143
What are the prime factors of 239300?
2, 5, 2393
What are the prime factors of 6308293?
47, 134219
What are the prime factors of 5384077?
5384077
What are the prime factors of 689940?
2, 3, 5, 3833
List the prime factors of 589410.
2, 3, 5, 37, 59
List the prime factors of 4073482.
2, 7, 290963
List the prime factors of 58101.
3, 107, 181
List the prime factors of 6920927.
13, 532379
What are the prime factors of 12466275?
3, 5, 359, 463
List the prime factors of 34223833.
7, 127, 137, 281
What are the prime factors of 925046?
2, 631, 733
What are the prime factors of 135272?
2, 37, 457
What are the prime factors of 276787?
7, 39541
List the prime factors of 386359.
17, 22727
What are the prime factors of 206834?
2, 19, 5443
What are the prime factors of 506919?
3, 7, 101, 239
What are the prime factors of 4309722?
2, 3, 239429
List the prime factors of 626802.
2, 3, 11, 9497
What are the prime factors of 228127?
228127
What are the prime factors of 1903952?
2, 19, 6263
List the prime factors of 15783779.
11, 163, 8803
What are the prime factors of 693375?
3, 5, 43
What are the prime factors of 437048?
2, 54631
What are the prime factors of 7430087?
7, 1061441
What are the prime factors of 9215005?
5, 139, 13259
What are the prime factors of 3831612?
2, 3, 83, 3847
What are the prime factors of 1044204?
2, 3, 7, 31, 401
What are the prime factors of 163035?
3, 5, 3623
List the prime factors of 2155702.
2, 17, 19, 47, 71
What are the prime factors of 1984665?
3, 5, 17, 43, 181
What are the prime factors of 695944?
2, 86993
What are the prime factors of 742963?
13, 67, 853
What are the prime factors of 5568499?
31, 263, 683
What are the prime factors of 3490767?
3, 7, 67, 827
What are the prime factors of 33216?
2, 3, 173
List the prime factors of 436325.
5, 31, 563
What are the prime factors of 472363?
71, 6653
What are the prime factors of 111063?
3, 37021
What are the prime factors of 1417489?
1417489
List the prime factors of 2966762.
2, 31, 109, 439
List the prime factors of 6559912.
2, 819989
List the prime factors of 252839.
23, 10993
What are the prime factors of 405126?
2, 3, 71, 317
What are the prime factors of 7667104?
2, 239597
What are the prime factors of 11098696?
2, 7, 23, 1231
What are the prime factors of 39877824?
2, 3, 7, 29671
List the prime factors of 88703.
107, 829
List the prime factors of 30261.
3, 7, 11, 131
List the prime factors of 3874631.
479, 8089
What are the prime factors of 434405?
5, 283, 307
List the prime factors of 178823.
17, 67, 157
List the prime factors of 23844359.
7, 11, 309667
List the prime factors of 3600655.
5, 37, 19463
What are the prime factors of 21890807?
21890807
What are the prime factors of 494774?
2, 7, 59, 599
What are the prime factors of 3156349?
7, 211, 2137
What are the prime factors of 306838?
2, 7, 31, 101
List the prime factors of 3215244.
2, 3, 17, 15761
List the prime factors of 5630838.
2, 3, 271, 3463
What are the prime factors of 50284?
2, 13, 967
List the prime factors of 2681010.
2, 3, 5, 29789
What are the prime factors of 1085060?
2, 5, 227, 239
What are the prime factors of 3308068?
2, 73, 11329
What are the prime factors of 83317?
13, 17, 29
List the prime factors of 214676.
2, 7, 11, 17, 41
List the prime factors of 7887678.
2, 3, 1314613
What are the prime factors of 404357?
404357
List the prime factors of 26827.
139, 193
What are the prime factors of 1893298?
2, 11, 41, 2099
What are the prime factors of 9456979?
7, 23, 151, 389
What are the prime factors of 22366134?
2, 3, 7, 29, 6121
What are the prime factors of 389587?
11, 107, 331
What are the prime factors of 129412?
2, 32353
List the prime factors of 34860742.
2, 7, 41, 60733
List the prime factors of 451844.
2, 37, 43, 71
What are the prime factors of 2166167?
2166167
List the prime factors of 2552806.
2, 79, 107, 151
List the prime factors of 2527889.
7, 13, 27779
List the prime factors of 5324147.
5324147
What are the prime factors of 344225?
5, 7, 281
What are the prime factors of 168324?
2, 3, 13, 83
List the prime factors of 340244.
2, 85061
What are the prime factors of 121954?
2, 7, 31, 281
List the prime factors of 279380.
2, 5, 61, 229
List the prime factors of 9264783.
3, 11, 280751
What are the prime factors of 544604?
2, 173, 787
List the prime factors of 78490.
2, 5, 47, 167
List the prime factors of 176348.
2, 44087
What are the prime factors of 400461?
3, 29, 4603
List the prime factors of 8158790.
2, 5, 19, 23, 1867
List the prime factors of 17608.
2, 31, 71
List the prime factors of 11243149.
11243149
List the prime factors of 3898318.
2, 631, 3089
What are the prime factors of 672593?
672593
What are the prime factors of 847817?
847817
What are the prime factors of 245510?
2, 5, 24551
What are the prime factors of 453053?
453053
What are the prime factors of 134835?
3, 5, 89, 101
List the prime factors of 726241.
691, 1051
List the prime factors of 957781.
11, 87071
List the prime factors of 369023.
369023
List the prime factors of 1115741.
11, 9221
List the prime factors of 669805.
5, 109, 1229
What are the prime factors of 468884?
2, 13, 71, 127
What are the prime factors of 180218?
2, 251, 359
List the prime factors of 61314.
2, 3, 11, 929
List the prime factors of 695549.
137, 5077
What are the prime factors of 5492320?
2, 5, 34327
List the prime factors of 492373.
7, 31, 2269
What are the prime factors of 28683643?
1609, 17827
List the prime factors of 58586.
2, 11, 2663
List the prime factors of 2527293.
3, 857, 983
List the prime factors of 1565306.
2, 79, 9907
List the prime factors of 7680170.
2, 5, 811, 947
List the prime factors of 294732.
2, 3, 2729
List the prime factors of 235089.
3, 8707
List the prime factors of 1329736.
2, 359, 463
What are the prime factors of 326055?
3, 5, 21737
List the prime factors of 878049.
3, 97561
List the prime factors of 862645.
5, 7, 503
What are the prime factors of 2605966?
2, 11, 118453
What are the prime factors of 7693?
7, 157
What are the prime factors of 65866?
2, 32933
What are the prime factors of 192690?
2, 3, 5, 2141
List the prime factors of 365125.
5, 23, 127
What are the prime factors of 24215?
5, 29, 167
What are the prime factors of 15485612?
2, 59, 65617
What are the prime factors of 1071340?
2, 5, 17, 23, 137
List the prime factors of 1318787.
83, 15889
What are the prime factors of 642957?
3, 7, 17, 1801
List the prime factors of 38946.
2, 3, 6491
What are the prime factors of 8108850?
2, 3, 5, 54059
List the prime factors of 293080.
2, 5, 17, 431
What are the prime factors of 254139?
3, 84713
List the prime factors of 358775.
5, 113, 127
List the prime factors of 566280.
2, 3, 5, 11, 13
List the prime factors of 281983.
13, 109, 199
What are the prime factors of 3397295?
5, 11, 19, 3251
List the prime factors of 29365460.
2, 5, 17, 86369
What are the prime factors of 23403130?
2, 5, 2340313
List the prime factors of 4946845.
5, 73, 13553
List the prime factors of 18697189.
7, 41, 65147
List the prime factors of 355841.
355841
List the prime factors of 826710.
2, 3, 5, 17, 1621
What are the prime factors of 14124573?
3, 1569397
What are the prime factors of 144610?
2, 5, 14461
What are the prime factors of 3437176?
2, 19, 22613
List the prime factors of 268063.
268063
What are the prime factors of 1346722?
2, 13, 51797
List the prime factors of 17966559.
3, 13, 35437
List the prime factors of 518995.
5, 23, 4513
List the prime factors of 498642.
2, 3, 41, 2027
List the prime factors of 1096126.
2, 17, 103, 313
What are the prime factors of 8805800?
2, 5, 44029
List the prime factors of 44147.
131, 337
What are the prime factors of 81514?
2, 53, 769
List the prime factors of 3675467.
131, 28057
What are the prime factors of 4264638?
2, 3, 7, 59, 1721
What are the prime factors of 381203?
103, 3701
List the prime factors of 7344917.
29, 253273
List the prime factors of 151708.
2, 17, 23, 97
What are the prime factors of 2833789?
7, 404827
List the prime factors of 1193172.
2, 3, 99431
What are the prime factors of 594502?
2, 297251
What are the prime factors of 147785?
5, 11, 2687
List the prime factors of 103187.
